e o(0). Suppose d*z + 3 = -0*z. Let c(v) = 33*v**2 - 2*v - 1. What is the tens digit of c(z)?
3
Suppose n - 3*n - 4276 = -3*c, -5*c = -2*n - 7128. Suppose -b + c + 615 = 3*p, 2*b - 3403 = -5*p. What is the tens digit of p?
7
What is the tens digit of (-1373596)/(-66) + (-154)/2541?
1
Let c(d) = 6*d**2 + 10*d**2 + 12 + 4*d**2 + 42*d - 26*d. What is the units digit of c(-7)?
0
Suppose -3*p + 22 = -5*r, 0 = -4*p + r + 9 + 9. Suppose -v + 4 = -2. Suppose 2*g = -5*f + 275, 0 = -v*f + 2*f + p*g + 248. What is the tens digit of f?
5
Let r(o) be the third derivative of -o**6/60 + o**5/12 + o**4/6 - o**3/6 + 24*o**2. Let j be r(-3). Suppose -4*b + 14 = -j. What is the units digit of b?
5
Let j = -586 - -645. Suppose -60 = -0*i - 3*i. Let d = i + j. What is the tens digit of d?
7
Suppose 0 = g - 1, 2128 = 6*k - 8*k - 2*g. Let n = k + 2512. What is the hundreds digit of n?
4
Let c be -15*(-2 - 6/(-9)). Suppose -4*z + 3*v = -2*v - 80, c = 5*v. Let h = z - 18. What is the units digit of h?
7
Let t(q) = 9883*q - 8. Let c be t(-1). What is the units digit of (-3)/(-15) + 6/((-270)/c)?
0
Let w = -14 - -19. Suppose 2*i = 3*r + 2*r - 5, w*i = 2*r + 19. Suppose -601 = -i*y - 2*q, y + 2*q - 115 = -q. What is the tens digit of y?
2
Let p = -98 + 164. Let z = p - 70. Let s = z + 90. What is the units digit of s?
6
Let b(u) = 50*u - 22. Let f be b(12). Let q = f - 61. What is the units digit of q?
7
Let v(l) = -5*l**3 - 31*l**2 + 36*l - 37. What is the tens digit of v(-19)?
8
Let t(b) = -b**3 + 45*b**2 - 62*b - 443. What is the units digit of t(36)?
9
Let o be (-9)/(-6)*(-40)/15. What is the units digit of 81 - ((-6)/14)/(o/28)?
8
What is the thousands digit of 188/470 - 60303/(-5) - -10?
2
Let u be (-2 + -6*(-8)/(-6))*1. Let l be ((-30)/9)/u - (-23)/3. Suppose -4*d + 12 + l = 0, -2*k = 3*d - 397. What is the tens digit of k?
9
Let w(i) = -2*i**3 + 8*i**2 + 4*i - 16. Let y be w(4). Suppose y = 19*p - 15*p - 20, p - 782 = -3*z. What is the hundreds digit of z?
2
Suppose -29*b + 13722 = 4500. Suppose -26*r + b = -24*r. What is the units digit of r?
9
Let n(b) = -b**2 + 7*b + 2480. Let x be n(0). Suppose -3*g + k = -x, -3325 + 849 = -3*g - k. What is the tens digit of g?
2
Let z(h) = 3*h**2 + 6*h + 18. Let f be z(-5). Let k = 245 + -132. Let n = k - f. What is the tens digit of n?
5
Let h(n) = n**3 + 1. Suppose -5 + 1 = 4*k. Let w(v) = 2*v**3 + 5*v**2 + 10*v + 8. Let r(u) = k*w(u) + 4*h(u). What is the tens digit of r(6)?
8
Let q be 112/64 - (-2)/8. Let o(p) = -15*p**2 - 3*p**q - 1 + p**3 + 26*p - 2 - 5*p**2. What is the units digit of o(22)?
5
Suppose -51*k = -57*k + 198. Suppose k*m = 2022 - 636. What is the units digit of m?
2
Suppose -62 = -10*z - 12. Suppose -z*g - 830 = -2*x + 101, -x + 473 = -5*g. What is the units digit of x?
8
Suppose 35775 - 125660 = -5*u + 5*s, 0 = 3*s + 3. Suppose -u = -138*a + 124*a. What is the tens digit of a?
8
Suppose 12*m + 14 = 74. Suppose -1136 - 1092 = -3*g + b, m*g - 3715 = 2*b. What is the tens digit of g/(-9)*(-5 + 2)?
4
Let v = -9 + 13. Suppose 687 = -v*i + 163. What is the tens digit of 0 - (-1 + i)/4?
3
Let b(v) = -2895*v - 1256. What is the thousands digit of b(-4)?
0
Let x(d) = 8*d - 63. What is the hundreds digit of x(52)?
3
Let u = -4701 + 5414. What is the units digit of u?
3
Let n(l) = l**2 - 5*l + 3. Let d be (-6)/(-9)*(-2)/4*0. Let h be n(d). Suppose 3*c - 142 = -h*k + 173, -5*c = -2*k - 525. What is the tens digit of c?
0
Let f(m) = -m - 13. Let y be f(-16). Suppose -5*n + 3*n = -5*l + 41, 0 = -l + 3*n + y. What is the units digit of (-3)/l - 70/(-3)?
3
Let k be 1/(-4) - (2 - (-22644)/(-16)). Suppose 3*s + 3*u - k = 0, 0 = 5*u - 2 - 3. What is the hundreds digit of s?
4
What is the thousands digit of (-4)/(-5) + 43924/(-6)*(-273)/910?
2
Let o(q) = 129*q**2 + 251*q - 7. What is the tens digit of o(8)?
5
Let k be 0/(-3 + 4 + -3). Suppose k = 7*f - 13*f + 2118. What is the units digit of f?
3
What is the tens digit of (-24)/32 + 2 + 479715/20?
8
Let p = -4036 - -5008. What is the units digit of p?
2
Let r be (76/40 + -2)*-14*-5. What is the hundreds digit of (-11 - -4 - -326) + r?
3
Suppose b - 1868 = 2*s - 3*b, 5*b = 25. Let k = -597 - s. What is the hundreds digit of k?
3
Let n(s) = 290*s**2 - 150*s + 1102. What is the units digit of n(7)?
2
Let d = -1619 - -3957. Suppose -652 = 6*a - d. What is the units digit of a?
1
Suppose -4*l + 5*t - 2*t = -45369, -4*l - 3*t + 45327 = 0. What is the tens digit of l?
3
Let q be (-6 + 9 - -659)*(0 - 4). Let g = -962 - q. What is the thousands digit of g?
1
Let j = 22 + 107. Let p = 706 + j. What is the units digit of p?
5
Let p(x) = x**2 + 4*x + 5. Let z be p(4). Suppose -z + 117 = -o. Let s = o - -206. What is the hundreds digit of s?
1
Suppose -36 = 3*y + 9. Let d = y + 22. Suppose -d*k = -12*k + 305. What is the units digit of k?
1
Let c(u) = -6*u + 36. Let p = 13 + -10. Suppose 5 = -2*q - 5*h + 3, -p*h + 36 = -5*q. What is the tens digit of c(q)?
7
Suppose 16 - 84 = -2*w. Let o = 1203 - 1161. Suppose 0 = o*l - w*l - 1544. What is the units digit of l?
3
Let b(o) = 11*o**2 - 9*o + 49. Let m be b(7). Let q = m + 172. What is the units digit of q?
7
Let a(k) = -k**3 - 3*k**2 - k - 394. Let b(p) = p**2 - 2. Let t(u) = -a(u) - 4*b(u). What is the hundreds digit of t(0)?
4
Let f = 1589 - 918. Let i = f + -334. What is the units digit of i?
7
Suppose 1166184 = 63*i + i - 63384. What is the units digit of i?
2
Suppose 0 = -3*a - 6*a + 801. Let g = a + -55. What is the tens digit of g?
3
Let i = 2470 + 19105. What is the units digit of i/25 + -1*(-2 + 7)?
8
Let g(n) = -35*n - 479. Let d be g(0). Let k(x) = -78*x**2 + 1. Let i be k(-2). Let j = i - d. What is the tens digit of j?
6
Suppose -16*t - 2 = -2*r - 12*t, -4*r = 5*t - 56. What is the tens digit of (-231)/(-44)*(384/r - 0)?
2
Suppose 7*k + 836 = 836. Suppose k = -10*x - 10*x + 3720. What is the hundreds digit of x?
1
Let m(n) = -n**3 - 25*n**2 - 4*n - 72. Let p(a) = -a**3 - 3*a + 11. Let r be p(3). What is the units digit of m(r)?
8
Suppose -6 = -n - 11. Let a(j) = j**3 + 5*j**2 - j - 5. Let u be a(n). Suppose u*p - 840 = -7*p. What is the units digit of p?
0
Suppose 0 = 14*g - 22*g - 80. Let i(f) = -f**2 - 8*f + 33. What is the tens digit of i(g)?
1
Let v = 36953 - 15326. What is the ten thousands digit of v?
2
Suppose -4*u - 9*j = -142048, 0*u - 71036 = -2*u - 3*j. What is the tens digit of u?
3
Let o(j) = j**3 + 203*j**2 - 115*j - 2838. What is the hundreds digit of o(-202)?
1
Suppose 0 = 2*o - 4*o - 6, -4*a = 5*o + 47. Let u be a/6*(-5 - -2). Suppose -2*q + 6*q + 12 = 0, -129 = -t - u*q. What is the tens digit of t?
4
Let g = 13962 - 7363. What is the hundreds digit of g?
5
Suppose -113*r + 2529104 + 159957 = 0. What is the ten thousands digit of r?
2
Suppose 7*k - 93*r = -89*r + 308168, r - 44024 = -k. What is the thousands digit of k?
4
Suppose -p + 9*p = 26408. Let b = p + -2169. What is the units digit of b?
2
Let p be (1268/(-16))/((-2)/16). Suppose 22 = -5*k - 3*x + p, 0 = 3*x + 3. Suppose -2*t = -3*q - 0*t + 177, -2*q = -3*t - k. What is the tens digit of q?
5
Suppose 0 = 3*j - 12*n + 8*n - 2948, -5*j - 5*n = -4960. Suppose -2*b - b = -3*y - 747, -4*y = 4*b - j. What is the units digit of b?
8
What is the units digit of 7668 - -2 - (24 + -22 - -2)?
6
Let s be -75*(-36)/(-75)*15/(-6). Suppose -1252 = -4*y - 2*h, y + s - 394 = 4*h. What is the units digit of y?
2
Suppose -10947 = -3*j + 112*c - 116*c, 0 = 5*c + 15. What is the tens digit of j?
5
Let c(r) = -r + 33*r + 3 - 30*r + 908*r**2. What is the units digit of c(-1)?
9
Let b(p) = p**3 + p**2 - 6*p - 613. Let r be b(0). Let m = r + 1011. What is the units digit of m?
8
Let y = -270 - -261. What is the tens digit of (-88*(-3)/y - 3)*-12?
8
Suppose -33*x = -39*x + 906. What is the hundreds digit of 16/24*(x + -1)?
1
What is the tens digit of ((-43355)/390)/((-2)/276)?
4
Suppose 0 = -3*y - 0*y. Suppose 6*u + o - 8 = u, y = 3*u + 3*o - 12. What is the tens digit of ((-216)/(-4) - 2) + (1 - u)?
5
Let b = -43 + 44. Let k be 375/((0 + 1)*b). What is the units digit of k/6 - 3/6?
2
Let t = 169 - 163. Suppose -n - 794 = -t*n - 3*j, -n + 170 = -5*j. What is the units digit of n?
0
Let b = 55 - 51. Suppose t - 18 - 58 = -b*l, -l = -3*t + 189. Suppose 0 = 6*v - 4*v - t. Wh